ighest common divisor of 2050 and y?
25
Let i = -117 - -117. Suppose 2*d + 3*a - 138 = i, -4*a = 5*d - 7*a - 387. What is the highest common divisor of d and 15?
15
Let t(q) = q**3 + 18*q**2 - 4*q + 327. Let w be t(-17). What is the greatest common divisor of 76 and w?
76
Let y(v) = -v**3 + 4*v**2 + 7*v - 7. Let d be y(5). Suppose -d*h - 2*h - 42 = -o, -5*o - 2*h + 264 = 0. What is the highest common divisor of 468 and o?
52
Suppose -2*m - 910 = -8*y, 0 = -2*y + 5*m + 191 + 32. Calculate the highest common factor of y and 270.
6
Let j = 29 - 53. Let f be -36*3*4/j. Let n be 579/f - 1/6. Calculate the greatest common factor of 256 and n.
32
Let s = 11243 - 11221. Calculate the highest common divisor of s and 42.
2
Let i(y) = 3*y**2 + 17*y**2 + 13*y - y**3 + 18*y - 9 - 9*y. Let f be ((-18)/(-96))/(1/4)*28. Let o be i(f). Calculate the greatest common divisor of o and 16.
4
Suppose -142 - 256 = -w. Suppose b - 363 = -5*y, 5*y + 2*b - w = -32. Suppose -3*z - 16 = -5*z. What is the highest common factor of z and y?
8
Suppose 0 = -6*i - 78*i + 1023120. Calculate the greatest common divisor of i and 280.
140
Let s(k) be the first derivative of -k**4/4 + 10*k**3/3 + 23*k**2/2 + 15*k + 48. Let h be s(12). What is the highest common factor of h and 24?
3
Suppose 35*h + 287 + 98 = 0. Let z be h*(1/6 - (-26)/(-12)). Calculate the greatest common divisor of 165 and z.
11
Let b be (18245/(-82))/((-1)/(-2)). Let q be (-7 + b/(-65))*-13. What is the greatest common divisor of 9 and q?
1
Let y(k) = 31*k**2 + 164*k - 40. Let a be y(-6). Calculate the highest common factor of 943 and a.
23
Let f = -519 + 521. Let n be 108*((-6)/4 + f). What is the greatest common divisor of n and 24?
6
Let o = 26 + 30. Suppose -376 - o = -12*c. What is the greatest common divisor of 9 and c?
9
Suppose -5 = -8*r + 91. Suppose -r = -122*u + 119*u. What is the greatest common divisor of u and 1?
1
Let n = 142 - 142. Suppose -3*d + 84 = -n*d. Suppose -2*y + 4*y - 158 = -3*o, 0 = 3*y + 15. What is the greatest common divisor of d and o?
28
Let h = -13175 + 13206. Let m(z) = -587*z + 2. Let j be m(-1). Calculate the highest common divisor of h and j.
31
Suppose 0 = -2*s + 2*n + 200, -2*s + 188 = 14*n - 13*n. Suppose -5*b - 4*o + 32 + 40 = 0, -54 = -4*b - 2*o. What is the greatest common factor of b and s?
12
Suppose -3*i - 7*x = -2*x - 42, -5*i + 104 = -3*x. Calculate the highest common divisor of i and 551.
19
Suppose -11*y - 59 - 40 = 0. Let b be 7/((y/(-6))/3). What is the greatest common divisor of 322 and b?
14
Suppose -c = 15*c + 66*c - 20746. Calculate the greatest common factor of 33 and c.
11
Suppose 5*d - 177 = 1283. Suppose -3*y = -4*u + y + d, -5*u + 359 = -3*y. Suppose 0 = -4*v - 10 + 50. What is the greatest common divisor of v and u?
10
Let l be (((-8064)/(-10))/12)/((-1)/5). Let j = 337 + l. Calculate the greatest common factor of j and 9.
1
Let o(x) = -6*x - 78. Let g be (-1 + (-16)/(-12))*-45. Let a be o(g). Let p be (1*27)/((-3)/(-4)). Calculate the highest common divisor of a and p.
12
Let p = -2 + 7. Suppose p*m - 63 - 12 = 0. Suppose -73 = -d - o, -247*d - 5*o = -251*d + 310. Calculate the greatest common divisor of d and m.
15
Let n = 18964 - 18341. What is the greatest common divisor of 1691 and n?
89
Let j(l) be the first derivative of l**4/4 + 17*l**3/3 + l**2/2 + 26*l + 12. Let u be j(-17). Calculate the greatest common factor of u and 387.
9
Suppose 4*g = 2*f + 7 + 93, 98 = 4*g - f. Let i be 2/3*(g - 18) + 60. Calculate the greatest common divisor of 8 and i.
8
Let g(w) = -w + 2*w + 13*w**2 + 2*w**3 - 6*w**2 - 1 + 5*w**2. Let a be g(-5). Calculate the highest common divisor of a and 396.
44
Suppose 4*g + 3*r = 75, 5*g = 4*r - 0*r + 86. Suppose 69 = 5*z - c, 0 = -13*z + g*z + 5*c - 45. What is the greatest common factor of z and 169?
13
Suppose p = f + 1160, 0 = -5*p - f + 5*f + 5797. What is the greatest common divisor of 39 and p?
13
Suppose -6*s - 450 = -468. Suppose -5*i = 4*v - 1044, -4*v = -7 + s. What is the highest common divisor of 13 and i?
13
Suppose 4*m + 80 = 308. Let k(i) = -i**3 - 33*i**2 - 55*i + 220. Let q be k(-31). What is the greatest common factor of q and m?
3
Let x be -1 + 9 - (222 + -6535). What is the greatest common factor of x and 98?
49
Suppose -8*m - 11 = -123. Let i(w) = 2*w**2 + 15*w + 20. Let j be i(-8). What is the highest common divisor of j and m?
14
Let y be (-29502)/(-264) + 1*(-2)/(-8). Calculate the greatest common divisor of y and 12.
4
Suppose 5*m + r = 2*r + 73, -3*m = -2*r - 48. Suppose -g + m = g. Let d be ((6 - 5) + g*-7)*-4. Calculate the highest common factor of 12 and d.
12
Suppose 1196 + 724 = 67*d + 178. Let q be 22/6 - 2/(-6). What is the greatest common divisor of q and d?
2
Let n = 27 + -21. Let l = -441 - -286. Let s = -113 - l. What is the greatest common factor of n and s?
6
Suppose 3*s + 5*w = -13 + 49, -w = -s + 12. Let z = -94 + 148. What is the greatest common divisor of z and s?
6
Let w(y) = -12 - 7*y + y**2 + y**2 - 7*y. Let p be -2 - -16 - (12 + 42/(-6)). Let u be w(p). What is the greatest common divisor of u and 72?
24
Let d(k) = -2*k**2 + 57*k + 917. Let w be d(-11). Calculate the highest common factor of w and 1176.
24
Suppose -28*c - 274 = -32*c + 174. What is the highest common factor of c and 91?
7
Let w be 1/((-9*(-1)/6)/381). Let p = -234 + w. Calculate the greatest common divisor of p and 180.
20
Let x(c) = -c**2 + 64. Let q be x(8). Suppose -10 = -5*z - 5*t, q*t = -4*z - 5*t + 6. What is the greatest common factor of z and 4?
4
Let o = -179 - -183. Let h be ((-49147)/77)/(-7) - o/22. What is the greatest common factor of h and 546?
91
Suppose -5*c + 5 = -5*f + 2*f, -5*f = c - 29. Suppose -c*x = -246 - 1866. Calculate the highest common factor of x and 33.
33
Suppose -b - 4*s + 316 = -2*s, 4*b = 3*s + 1297. Calculate the greatest common divisor of b and 1012.
46
Let d be 3114/15 - 2/(-5). Suppose -5*a + 5*b - 9*b = -368, 0 = 3*a - 4*b - d. What is the highest common factor of 96 and a?
24
Let w = 4 + 7. Suppose 2*t - w - 29 = 0. Let j be (-15 - (109 - 4))*(-4)/3. What is the greatest common divisor of t and j?
20
Let t be (144 - -93)/((-6)/(-52)). Calculate the greatest common divisor of t and 237.
79
Let y(h) = -h**3 + 26*h**2 - 64*h - 38. Let d be y(19). What is the greatest common divisor of 201 and d?
67
Let a = -439 - -445. Let u(m) = -m**2 - 29*m - 45. Let j be u(-12). Calculate the greatest common divisor of a and j.
3
Let r = -21 - -22. Let x = -26 - -29. Suppose x*a - 19 = -n, a - 3*n + 7 = -0*n. Calculate the greatest common factor of r and a.
1
Let m = 65 + 482. Let y = -351 + m. What is the greatest common factor of 49 and y?
49
Let h(q) = 70*q - 126. Let u be h(5). Let c(x) = 81*x**2 + 5*x + 5. Let s be c(-2). Suppose 109 = -15*t + s. What is the greatest common factor of u and t?
14
Let s = 253 - 109. Suppose 5*m - 5 = 25. Suppose -m*k - 48 = -9*k. What is the highest common divisor of k and s?
16
Let k(b) = 20*b + 25*b + 23*b - 46 - 57*b. Let x be k(6). What is the highest common divisor of 30 and x?
10
Let v(f) = -102*f + 5912. Let j be v(52). Calculate the greatest common factor of j and 2888.
152
Suppose -3*z + 5 = -4*z, -3*z - 14631 = -4*f. What is the highest common divisor of 28 and f?
14
Suppose -100 = -2*n - 5*z, -27*n + 31*n = -4*z + 176. What is the greatest common factor of n and 460?
20
Let w be (-18970)/(-21) - (22/(-6) - -3). Calculate the highest common divisor of 40 and w.
8
Let t be (-16)/(-12)*(-1845)/(-60). What is the greatest common factor of 1722 and t?
41
Let a = 1 + 0. Suppose 64*w = 71*w - 7. Let h be w*(-5)/((-35)/56). What is the greatest common factor of a and h?
1
Let x(t) = 79*t - 3783. Let c be x(54). Calculate the greatest common divisor of 210 and c.
21
Let o(u) = -2*u**3 + 15*u**2 + 20*u - 6. Let n be o(8). What is the highest common factor of 2790 and n?
90
Let a(x) = -20*x + 266. Let c be a(10). Calculate the highest common divisor of 6 and c.
6
Suppose 2*n - 3*s - 213 = 0, 5*n + 1135 = 15*n - 5*s. Let x = -5 + 14. Calculate the highest common divisor of x and n.
9
Suppose 7*f - 414 - 944 = 0. Suppose x + f - 224 = 0. Let c be (-2)/(-6) - 35/(-3). Calculate the highest common divisor of x and c.
6
Let i be 1/(-5) + 1188330/275. Cal